69 - 148 = 3*h. Suppose 2*z - 182 = 4*g, 6*z = 4*z - g + v. What is the tens digit of z?
0
Suppose 15*y + 359 = 3*o + 19*y, 2*o - 2*y - 216 = 0. Suppose o = -20*b + 413. What is the units digit of b?
5
Let q = 33 + -20. Let a = q + 363. What is the hundreds digit of a?
3
Suppose 0*y + 2*y - 2 = 0. Let l be 23 + -2 - (-3 + y + 5). What is the tens digit of (l/(-15))/((-4)/270)?
8
Suppose -3*h + 5*q - q - 8 = 0, 0 = -2*h + 3*q - 4. Let p be -150 - ((h - -4) + 2). Let l = -95 - p. What is the tens digit of l?
5
Let c = 93 + -91. Suppose 2 = c*t - 8. Suppose 0 = -t*a + 5*k + 229 + 201, 3*k = -4*a + 323. What is the tens digit of a?
8
Suppose 2*o + 5*b - 15726 = 0, -34*o - 15686 = -36*o + 5*b. What is the hundreds digit of o?
8
Suppose 46881 = 3*h + 5*l, 0 = -843*h + 844*h - 5*l - 15587. What is the units digit of h?
7
Let r = 1828 + 3878. What is the hundreds digit of r?
7
Suppose -4*d + 3*d + 4 = 0. Suppose 3*t = i + 7, -2 + d = -2*i. Let c(n) = 5*n + 3. What is the units digit of c(t)?
3
Let p(r) = 2*r**2 + 4*r - 10. Let d be p(-28). Suppose -5*x = 3*t - 3639, -4*x + d = -2*x - 2*t. What is the tens digit of x?
2
Suppose -18*r = -34685 - 381979. What is the hundreds digit of r?
1
Let b(u) = -335*u - 901. What is the thousands digit of b(-18)?
5
Let x be (-81)/(-24)*6 - (-7)/(-28). Suppose -4*g = -p - 2843, 2115 = 3*g - 15*p + x*p. What is the units digit of g?
0
Let x(b) = b**3 + 5*b**2 - 7*b + 2. Let z be x(2). Suppose -10*o + 1040 = z*o. What is the units digit of o?
0
Let n = 20588 + -4334. What is the units digit of n?
4
Suppose -9350 = -0*q - 25*q. Suppose -3*w = -3*g + 294, 0*w + q = 4*g + 2*w. What is the units digit of g?
5
Suppose -36*u + 3302 = -5878. Suppose q + u = 6*q. What is the tens digit of q?
5
Suppose 18*o + 705 = 2289. Suppose -o*g = -85*g - 1635. What is the units digit of g?
5
Suppose 110*b = 251*b + 225*b - 13286166. What is the thousands digit of b?
6
Let g = -38290 - -55618. Suppose 346*n = 365*n - g. What is the units digit of n?
2
Suppose -2*k = -4 - 0, -k = 3*q - 53. Suppose -q*y + 2283 = 277. What is the hundreds digit of y?
1
Let l(p) = 2*p**2 + p - 8. Let f = -4 - 5. Let d be l(f). Suppose x - d = -0*x. What is the units digit of x?
5
What is the hundreds digit of ((-4)/(-26) - -1*(-17)/26)*-20484?
2
Let c be -5 - 13/((-26)/816). Let w = 164 + c. What is the tens digit of w?
6
Suppose -21*r + 134922 - 26667 = 0. What is the hundreds digit of r?
1
Suppose 0 = 36*v - 25*v - 8844. Let q = v + -481. What is the tens digit of q?
2
Suppose 23 = 2*u + 3. Let h(l) be the third derivative of 7*l**4/8 - l**3/3 + 50*l**2. What is the units digit of h(u)?
8
Let o be ((-3)/6 + -1)*242/(-33). Suppose n + 1235 = -o*r + 13*r, r = -3*n + 614. What is the tens digit of r?
1
Suppose 76*h + 94162 - 1747846 = 0. What is the ten thousands digit of h?
2
Let c = 9030 - 3929. What is the units digit of c?
1
Suppose -137 = -3*h + 4*r + 1373, 0 = -5*h - r + 2486. Suppose -4*q = 3*s - 733, 4*s + h = 6*s - 2*q. What is the units digit of s?
7
Suppose w + p - 3*p = 5349, -w + 5367 = 4*p. Suppose -3*c + w = 3*v, 4 + 1 = -5*v. What is the thousands digit of c?
1
Let a = 606 - -13542. What is the thousands digit of a?
4
Suppose -4*f + 2748 = 4*b, -8*b + 2*f = -5*b - 2071. Let o = b - 472. What is the tens digit of o?
1
What is the thousands digit of 567/12*(113 - 21)/1?
4
Let z = -2100 - -6047. What is the tens digit of z?
4
Let z be ((-20)/(-50))/(2/10) + 3. Suppose -3*b - 19 = -b - s, 0 = -z*b - 4*s - 28. What is the hundreds digit of (2/(-8))/(b/9888*3)?
1
Suppose -2*b = -4*t - 7742, 3273 = b + 3*t - 573. What is the tens digit of b?
6
Let g = -208 - -343. Let t = -71 + g. Suppose -5*v + t = -271. What is the tens digit of v?
6
Let k = 6414 - -2764. What is the thousands digit of k?
9
Suppose -2*g = -4*g - 5*g. Suppose 14*c + 307 - 1049 = g. What is the tens digit of c?
5
Let r(g) = g + 9. Let c(a) = 1. Let s(w) = -3*c(w) - r(w). Let y be s(-6). Let p = y - -13. What is the units digit of p?
7
What is the ten thousands digit of (-23)/138*63116*(-6)/4?
1
Let g be ((-22)/(-6) - 0)/((-5)/(-13860)). Suppose -10*o + g = o. What is the tens digit of o?
2
Let f be (-18)/27 - 56/(-3). Let z(w) = 32*w - 167. What is the tens digit of z(f)?
0
Let r be 0/(-1 + 0 - -2). Suppose -t - 27 = -x, r*x = -2*x + 5*t + 69. Suppose -x = 2*v - 154. What is the units digit of v?
6
Suppose -k = 40 - 28. Let v be (1 + 1 - 0) + (-12)/k. Suppose v*u = 2*h + 27 - 239, -4*h + 4*u = -420. What is the units digit of h?
3
Suppose h - 5114 = 1386. What is the thousands digit of h?
6
Let q(o) = 2*o**3 - 7*o**2 - 15*o + 83. Let p be q(6). Suppose t - 559 = -p. What is the hundreds digit of t?
3
Suppose -132*q + 61*q = -66*q - 201185. What is the tens digit of q?
3
Let i(o) be the first derivative of -5*o**4 - 1. Let c be i(-1). What is the tens digit of (12/10)/(2/c)?
1
What is the thousands digit of -15 + 20 - ((-2 - -4) + (5 - 3743))?
3
Let o(n) = 2*n**3 + n**2 - 5*n + 6. Let d be o(-4). What is the units digit of (-1092)/65*(d/4 + -1)?
8
Let d = 77740 - 44652. What is the units digit of d?
8
Let h = 710 + -469. Let j = h + -123. What is the hundreds digit of j?
1
Suppose 13*m + 24 = 37*m. What is the hundreds digit of 1 + m + -3 - -119?
1
Let q = -73 + 77. Suppose -100 + 200 = q*z. Suppose 3*s + 4*m = 449, s - z = -4*m + 114. What is the tens digit of s?
5
Suppose 0*g - g - 4*a = 17, 4*g + 13 = -5*a. Suppose -g*p + 1 = -35. What is the tens digit of p?
1
Let l(m) be the third derivative of 31*m**7/5040 + 3*m**5/20 - m**3/3 - 47*m**2. Let r(s) be the third derivative of l(s). What is the tens digit of r(3)?
9
Let v(d) = -3*d**2 - 4. Let x(n) = -2*n**2 - 2. Let a(j) = -3*v(j) + 5*x(j). Let q be a(1). Let p(t) = 16*t**2. What is the units digit of p(q)?
6
Let v = -605 + 641. Suppose -v*p - 894 = -42*p. What is the hundreds digit of p?
1
Let r(y) = -277*y**3 - 3*y**2 - 40*y - 14. What is the ten thousands digit of r(-4)?
1
Let q(u) = -108*u - 871. What is the hundreds digit of q(-39)?
3
Suppose 130097 = 27*q - 107962. What is the hundreds digit of q?
8
What is the tens digit of (-92)/8*(-11)/(-2)*-132?
4
Let i = -490 - -7941. Suppose -31*m + 25524 - i = 0. What is the tens digit of m?
8
Let o = 198 + -201. What is the tens digit of (0 + (-62)/o)*27?
5
Let k(s) = 4 + 87*s**3 + 1 - 86*s**3 + 3*s + 6*s**2. Let r be k(-4). Suppose 1 + r = x. What is the units digit of x?
6
Suppose -153 + 39 = -z. Let j(a) = 27*a + 191. Let d be j(-7). Suppose z = d*w - 240. What is the units digit of w?
7
Suppose -35 = i - 0*i. Let y = -3810 - -3810. What is the units digit of ((-7147)/i - 2/10) + y?
4
Suppose a = 5*b + 1481, -a + 2*a + 1183 = -4*b. Let q = b + 921. What is the tens digit of q?
2
Let b = -12667 - -22109. What is the tens digit of b?
4
Suppose -17*m = 3*m - 200. Suppose -4*u - 5 = 5*x, -2*x + 5 = u + m. Let l(i) = -2*i**3 + i**2 + 8*i + 10. What is the units digit of l(x)?
5
Suppose 0 = -14*a - 32637 + 330977. What is the units digit of a?
0
Let g be (1/(-3))/((-6)/36). Suppose 4*d - 4*z = 28, -2*d - g*z - 2*z = 4. Suppose f = w - 4*f - 27, -d*w - f + 108 = 0. What is the tens digit of w?
2
Let v(m) = -m**3 + m**2 + 8*m - 2. Let y be v(3). Suppose 4*o - 44 = -t, 40 = -0*o + 2*o - y*t. Suppose -42 = -13*c + o*c. What is the tens digit of c?
4
Let q(b) = -b**3 + 15*b**2 + 13*b + 38. Let c be q(16). Let r be c/6 - ((-11)/3 + 4). Let d = r + 39. What is the units digit of d?
7
Suppose -3113 - 1270 = -9*u. Let h = u + -314. What is the units digit of h?
3
What is the hundreds digit of 24*(95/5)/(-4 + (-198)/(-45))?
1
Let u = -7160 + 13247. What is the units digit of u?
7
What is the tens digit of 1/5 + (14959296/270 - 58)?
4
Let l be (-385)/(-77)*(-3)/(-5). Suppose 3*u - 42 = -l*q, -63 = -4*q + 2*q + 5*u. What is the units digit of q?
9
Let c(s) = s**2 - 3*s + 3. Let u = -10 + 17. Let j(q) = -q**3 + 8*q**2 - 6*q + 2. Let v be j(u). What is the units digit of c(v)?
7
Suppose -3411512 = 74*v - 178*v. What is the ten thousands digit of v?
3
Let j = -2625 - -8317. What is the thousands digit of j?
5
Let f(d) = -42*d**3 - 10*d**2 - 33*d + 21. What is the units digit of f(-6)?
1
Suppose 2*h - 2*k = 60, 5*h - 150 = 8*k - 5*k. Suppose -h*d + 7261 + 5639 = 0. What is the units digit of d?
0
Let